+ -3b8348?
-3b834a
In base 12, what is -26239 + -9621?
-3385a
In base 10, what is -131071 - 112?
-131183
In base 4, what is -2122201 + 232003111?
223220310
In base 4, what is 1121 + -1322301?
-1321120
In base 14, what is -5137 + 1d1?
-4d46
In base 2, what is -1001001 - -10000100000100001101011?
10000100000100000100010
In base 13, what is 279 - -18a?
436
In base 16, what is 1b2 - -d5e25?
d5fd7
In base 13, what is 1580 - c086?
-a806
In base 3, what is 222221022020 + 210?
222221100000
In base 7, what is -2 - -1121424346?
1121424344
In base 13, what is 495 - 638?
-173
In base 15, what is -43c2a5b - -5?
-43c2a56
In base 11, what is -4 + -12309296?
-1230929a
In base 6, what is -505 - 11141?
-12050
In base 8, what is -1355635007 + -1?
-1355635010
In base 5, what is -4 + -1222023432?
-1222023441
In base 14, what is -9da63 - -1b?
-9da46
In base 10, what is -7 + -6475350?
-6475357
In base 6, what is -2101512054 + -11?
-2101512105
In base 3, what is 10021012021101 + -12?
10021012021012
In base 14, what is -3372a28 - 2?
-3372a2a
In base 2, what is -1011011101 + 1000110100111000111?
1000110011011101010
In base 3, what is 12220000 - 12111?
12200112
In base 6, what is 3 + 42240541?
42240544
In base 3, what is 112122021010001 + 1220?
112122021011221
In base 12, what is a9 + 3909b5?
390aa2
In base 10, what is -28993203 - -4?
-28993199
In base 12, what is 1b1324 + -5?
1b131b
In base 3, what is 110021 - 101021212?
-100211121
In base 4, what is 133231303 + -3211?
133222032
In base 6, what is 21 - -10325522023?
10325522044
In base 6, what is 4 + 3355005044?
3355005052
In base 16, what is -38c - -672?
2e6
In base 13, what is -3a1b + -198?
-3bb6
In base 3, what is -2111010011200 + -21?
-2111010011221
In base 5, what is -3144 + 111322313?
111314114
In base 4, what is -2 - 1333132031313?
-1333132031321
In base 12, what is -192204 + -4b1?
-1926b5
In base 4, what is 2010213131021 - -2?
2010213131023
In base 11, what is 8392 - 20542?
-13160
In base 8, what is 34031 - -3426?
37457
In base 7, what is 633260 + 235?
633525
In base 14, what is -1658d6 - -5c9?
-16530b
In base 7, what is -113226114 - 32?
-113226146
In base 16, what is -58 - -712c?
70d4
In base 10, what is 4474304 + -3?
4474301
In base 9, what is -241851767 - 5?
-241851773
In base 8, what is -3 + -62125031?
-62125034
In base 8, what is -1261431 - -357?
-1261052
In base 9, what is -5667 - 12751?
-18528
In base 16, what is -256d12c6 - -3?
-256d12c3
In base 16, what is -d6ba10 + -1?
-d6ba11
In base 10, what is 86 - -967886?
967972
In base 4, what is 1333130 + -101133?
1231331
In base 9, what is 68 - -3201165?
3201244
In base 6, what is 4 - -154104333?
154104341
In base 16, what is 91 + -2419d?
-2410c
In base 10, what is -11717481 - 62?
-11717543
In base 11, what is 3a8a27141 + 1?
3a8a27142
In base 5, what is -14200112 - 320?
-14200432
In base 4, what is 2012101001 - -20?
2012101021
In base 5, what is 144 + -13342143?
-13341444
In base 10, what is 3452916 + -92?
3452824
In base 10, what is 264847655 - 6?
264847649
In base 11, what is -702a53 - 44?
-702a97
In base 14, what is 3b - 2353563?
-2353526
In base 4, what is 2302103 + -3000?
2233103
In base 15, what is 3a6 - -1070?
1426
In base 12, what is 1838133 - -5?
1838138
In base 6, what is -2 + -13130300413?
-13130300415
In base 14, what is -3d9994 - -6?
-3d998c
In base 12, what is 1b54356 - -1?
1b54357
In base 2, what is 1011010011111001 + 1101?
1011010100000110
In base 7, what is 166525103 + -4?
166525066
In base 3, what is 1121201121 - 111112100?
1010012021
In base 16, what is 88dcc - 281?
88b4b
In base 13, what is 352 + -ccb5?
-c963
In base 8, what is -2577 - -1107132?
1104333
In base 8, what is 7 - 1221243?
-1221234
In base 16, what is 5b24519 - 6?
5b24513
In base 13, what is 3 - -175951?
175954
In base 13, what is 6b2 + 227?
909
In base 13, what is -228981 + 11?
-228970
In base 4, what is 212213 - 123131?
23022
In base 6, what is 2004 - 25214?
-23210
In base 16, what is 3 - -c57c29?
c57c2c
In base 16, what is ce41 - 5a?
cde7
In base 9, what is 22 - 568272?
-568250
In base 13, what is -13370c3b2 + 5?
-13370c3aa
In base 3, what is 11221022211 + 0?
11221022211
In base 15, what is -2 + 292958?
292956
In base 11, what is -60370 - -7?
-60364
In base 12, what is -86a650 - -42?
-86a60a
In base 6, what is 31243405544 + -4?
31243405540
In base 13, what is -3ca9a + -5?
-3caa2
In base 3, what is -200 - 20002100222?
-20002101122
In base 11, what is 132a3 + 30?
13323
In base 13, what is -1809 + bc8?
-911
In base 13, what is -360 - 17bb5?
-18245
In base 5, what is 444 + -4123131?
-4122132
In base 14, what is -5816bb4d + 1?
-5816bb4c
In base 12, what is 705 - -3005?
370a
In base 2, what is -1010011000010011101111010 - 11?
-1010011000010011101111101
In base 14, what is -89 + 9a7ac?
9a723
In base 9, what is -456670101 + -2?
-456670103
In base 16, what is 1a63 + -2e6c?
-1409
In base 6, what is 2 - -15422500314?
15422500320
In base 15, what is -26347 - 9?
-26351
In base 9, what is 8105418 - -4?
8105423
In base 3, what is 1200 + -2021102201002?
-2021102122102
In base 15, what is ebe - 550?
96e
In base 2, what is -110 - 1001001101100110000?
-1001001101100110110
In base 11, what is 2 - 1725185?
-1725183
In base 8, what is -3741 - -1115?
-2624
In base 6, what is 312 - -2005451?
2010203
In base 9, what is -15377 - 31827?
-47315
In base 8, what is 316 + -106233?
-105715
In base 14, what is 1 + dac9b63?
dac9b64
In base 15, what is 1ad + -13bd5?
-13a27
In base 2, what is 101110001010 - 110010101000?
-100011110
In base 2, what is 110010 + -101000111110110111100?
-101000111110110001010
In base 11, what is 36 + 32331?
32367
In base 16, what is -b9 + 3a227?
3a16e
In base 9, what is -146315 + 58?
-146246
In base 3, what is -1021211202121102 + 2?
-1021211202121100
In base 16, what is -5 - a5bc7b6?
-a5bc7bb
In base 5, what is 212210310 - 0?
212210310
In base 5, what is 2 + -41210233030?
-41210233023
In base 10, what is 48015 - -235?
48250
In base 14, what is -6bc355 - -4?
-6bc351
In base 13, what is 4599 + -483?
4116
In base 3, what is 20222122121221 - -101?
20222122122022
In base 8, what is 200211550 - -7?
200211557
In base 5, what is -4204030032 - -10?
-4204030022
In base 2, what is -1101011010001 + 1101010001?
-1011110000000
In base 6, what is 421114 + -12214?
404500
In base 3, what is -11002120220102 - -20002?
-11002120200100
In base 5, what is 441 + 140124123?
140130114
In base 11, what is -1703722 - -2?
-1703720
In base 5, what is -32100411441 - 10?
-32100412001
In base 11, what is 139089 - -18a3?
13a981
In base 14, what is 0 + 1480dc9?
1480dc9
In base 5, what is -444 - 10142203?
-10143202
In base 15, what is -3eab + 55dc?
1631
In base 13, what is 21a3 + 23b7?
458a
In base 7, what is 6550 - 10502?
-622
In base 4, what is -11031 - -3231203?
3220112
In base 9, what is 281 - 2382418?
-2382127
In base 13, what is 9b7b8 + 656?
9c141
In base 3, what is -12 - 10011200202200001?
-10011200202200020
In base 10, what is -935367483 - -3?
-935367480
In base 16, what is 275e - -4a11?
716f
In base 16, what is -39c4 - 56d7?
-909b
In base 7, what is 35 - -20461020?
20461055
In base 8, what is 226 - 112441?
-112213
In base 5, what is -12221000341 + -332?
-12221001223
In base 15, what is -198d3d0 - -4?
-198d3cb
In base 6, what is -1531114130 + -2?
-1531114132
In base 13, what is 12 - 275194?
-275182
In base 14, what is -1c1 - 2dd61b?
-2dd7dc
In base 9, what is 231334 - -2881?
234325
In base 9, what is -247150708 + 0?
-247150708
In base 15, what is 18d + -7220a?
-7206c
In base 14, what is b0 + -47a5d?
-4798d
In base 7, what is -2520 + 510150?
504330
In base 11, what is -2a9 + -7908?
-8106
In base 10, what is -5962 + -13982?
-19944
In base 3, what is 22022 - -121011102122?
121011201221
In base 7, what is 5300 + -13250?
-4650
In base 6, what is -23 - -40525250?
40525223
In base 9, what is 3 - 145504423?
-145504420
In base 2, what is -1111101111011100 - 110101111110?
-10000100101011010
In base 15, what is 4 + 229965?
229969
In base 8, what is 21022 + -202143?
-161121
In base 14, what is -6 - -2d331b5?
2d331ad
In base 12, what is 1 + -2194a405?
-2194a404
In base 9, what is -120880 - 115?
-121105
In base 10, what is -52 + -5564894?
-5564946
In base 12, what is 140432 - 71?
140381
In base 8, what is 107145 + -1